6?
24
Suppose 2*z = 3*z - q - 21, 4*q + 15 = z. Suppose 0 = 4*i + 8, 5*i + 11 = l - z. Calculate the remainder when l is divided by 9.
6
Suppose -5*d + 4*x = -237, -2*d + 4*x + x = -105. Calculate the remainder when d is divided by 19.
7
Suppose -4*s = -76 + 68. Suppose 64 = s*v - 4*a, -4*v + 8*a + 84 = 11*a. Calculate the remainder when v is divided by 14.
10
Let j(q) = -5*q - 2. Let k be j(5). Let x = 31 + k. What is the remainder when 8 is divided by x?
0
Suppose 0 = 5*i + 5*n + 1760, 4*n = i + 6*n + 351. Let k = i + 588. Suppose k + 73 = 4*u. Calculate the remainder when u is divided by 13.
12
Suppose -4*s + 12 = 0, 5*m - s + 2*s = 58. Let r = 10 + -5. Suppose -97 = -r*w + 58. What is the remainder when w is divided by m?
9
What is the remainder when 109 is divided by (34/51)/((-6)/(-495))?
54
Suppose 141 = 3*i - 33. Let q be 3 + (-1 - -2)/1. Suppose q*d - 85 = 5*m - 0*m, 3*d - m = 50. Calculate the remainder when i is divided by d.
13
Suppose -2*s + 5*c = -91, c - 2*c - 239 = -5*s. Suppose 68*y = 9734 - 10. Calculate the remainder when y is divided by s.
47
Let r = 3491 - -2221. Suppose 2*m - 6*m = r. Calculate the remainder when m/(-13) + (-4)/(-26) is divided by 28.
26
Suppose 423 = 5*a + 10*x - 8*x, -a = x - 87. Calculate the remainder when a is divided by 51.
32
Let l(g) = 3*g - 3. Let r be l(-2). Let t(z) = -z**3 - 9*z**2 - 3*z + 1. What is the remainder when t(r) is divided by 6?
4
Suppose 4*s = 4, 3*t - 4*t + 126 = 4*s. What is the remainder when t is divided by -30*3*5/(-18)?
22
Let q be (-9)/(-15) + 23/(-5) + 7. Suppose 0 = 2*j + q*g - 54, 3*j - 54 = j + 4*g. Let c = 26 + -11. What is the remainder when j is divided by c?
12
Suppose 0 = 4*u + 12, 105 + 11 = -2*h - 2*u. Let x = -47 - h. Calculate the remainder when 23 is divided by x.
7
Suppose 3*t = 17*t - 1820. Calculate the remainder when t is divided by 35.
25
Suppose 0 = 4*k + c - 35 - 132, 5*c + 5 = 0. Let q = -191 + 206. Calculate the remainder when k is divided by q.
12
What is the remainder when -17 - (-4664)/32 - 6/8 is divided by 19?
14
Let q(g) = -g**3 + 6*g**2 - 7*g + 4. Suppose -30 = 27*y - 28*y. Calculate the remainder when y is divided by q(4).
6
Suppose 3*v = 3*a + 2*v - 245, -2*a - 4*v = -182. Calculate the remainder when a is divided by 34.
15
Suppose 8*q - 1427 = -467. Calculate the remainder when 345 is divided by q.
105
Let d(j) = j**3 - 17*j**2 - 16*j - 32. Calculate the remainder when 44 is divided by d(18).
0
Let j(v) = 2*v - 24. Let y be j(4). What is the remainder when (-2)/y + 6687/72 is divided by 32?
29
Calculate the remainder when -17 - 3320/(-64) - 2/(-16) is divided by 9.
8
Suppose 0 = -4*b + 37 + 171. Suppose 133 + b = 5*l - 5*n, 3*n + 75 = 2*l. Calculate the remainder when l is divided by 13.
10
What is the remainder when (0 + 1)/(39/8853) is divided by 58?
53
Let l = -41 - -69. Let j = -48 + l. What is the remainder when 6 is divided by (-52)/j + 3/(-5)?
0
Calculate the remainder when 5/((-30)/8) + (-5964)/(-18) is divided by 37.
34
Let y = 65 + 349. Calculate the remainder when y is divided by 135.
9
Let c = -2 - 15. Let r = 54 + c. What is the remainder when r is divided by 10?
7
Let w(y) = 6*y**2 - 6*y - 2. Let u be w(2). What is the remainder when (-38)/6*((-3)/(-3) - u) is divided by 20?
17
Let o = 242 - -385. Calculate the remainder when o is divided by 37.
35
Let c(w) = -6*w**3 - 2*w**2 + 5*w + 4. What is the remainder when c(-3) is divided by 68?
65
Suppose -5*n = 2*m - 62, 3*n = -4*m + 122 + 2. Let j = -1982 + 2133. Calculate the remainder when j is divided by m.
27
Let p(s) = -s**3 + s**2 + s + 2. Let g be p(0). Suppose -g*c + 3*c = 93. What is the remainder when c is divided by (-486)/(-21) + (-120)/(-140)?
21
Suppose 73*p = 63*p + 210. What is the remainder when p is divided by 5?
1
Let z(l) = l**2 + 12*l + 23. Let w be z(-8). What is the remainder when (-344)/w + 20/(-90) is divided by 20?
18
Suppose 3*z - 25 = -2*z, -3*z = 2*m - 97. Calculate the remainder when 79 is divided by m.
38
Suppose 25 = 2*w - 7*w. Calculate the remainder when 6*w/(15/(-2)) is divided by 1 - 1 - -4 - 1.
1
Let a be (3 - 13/4)*-4. Let s = a - -11. Calculate the remainder when s is divided by (-11 + 1)/((-16)/8).
2
Suppose -88*s + 2*w = -87*s - 46, 2*s = 2*w + 84. What is the remainder when s is divided by 8?
6
Suppose 7520 = 65*c - 735. Calculate the remainder when c is divided by 8.
7
Let f = 372 + -361. Calculate the remainder when 19 is divided by f.
8
Let f(s) = 3*s**3 - 8*s**2 + 29*s - 57. Calculate the remainder when f(5) is divided by 92.
79
Let m = 562 - 483. What is the remainder when m is divided by 26?
1
Let y be 1/((-4)/16) - 0. Let g be (1/(-3))/(y/(-60)). Let b(a) = 2*a**2 + 7*a + 3. Calculate the remainder when b(g) is divided by 10.
8
Let g = -351 - -386. What is the remainder when g is divided by 10?
5
Suppose 16*a - 14*a = 122. Calculate the remainder when a is divided by 20.
1
Let x = -5 + 8. Suppose -2*n = -2*g + x*n + 53, 3*g - 5*n = 87. What is the remainder when g is divided by 18?
16
Let n(a) = -a**3 - 11*a**2 - 14*a + 10. Calculate the remainder when n(-10) is divided by 10.
0
Calculate the remainder when (283 - -3)/(9 + -7) is divided by 73.
70
Suppose -5*x + 0*x + 25 = 0. Suppose 0 = -4*n + n + 15. Suppose -b - 11 = -x*i, 4*i = -n*b + 33 - 1. Calculate the remainder when 5 is divided by b.
1
Suppose -6*h - 214 = -8*h. Let p = h - 91. Calculate the remainder when 27 is divided by p.
11
Let y = -29 - -56. Suppose -y = -h + i, i + 70 = 2*h + 19. Let k = 90 + -43. Calculate the remainder when k is divided by h.
23
Suppose 0 = 5*d - c - 37 + 122, d - 2*c = -26. Let v(l) = 2*l**2 + 20*l - 3. What is the remainder when v(d) is divided by 24?
21
Let g(i) = i**2 - i + 1. Let u(d) = 6*d**3 - 2*d**2 + 2*d - 2. Let x(m) = 3*g(m) + u(m). Calculate the remainder when 11 is divided by x(1).
4
Suppose r = -4*j - 0*j + 12, r - 2*j - 30 = 0. Calculate the remainder when 139 is divided by r.
19
Suppose -452 - 25 = -53*t. Suppose 4*u = g + 118, -5*u + 48 = 5*g - 112. Calculate the remainder when 93 is divided by u/1 + -7 + t.
29
Suppose -56 = 5*p - 7*p. Suppose 4*t - 5*c - 53 = 0, -8*t + 4*c = -6*t - p. Calculate the remainder when 32 is divided by t.
8
Suppose -1905 + 281 = -14*x. Calculate the remainder when x is divided by 28.
4
Let q(n) = n**3 + 14*n**2 - 17*n + 1. Suppose -a = 3*a + 60. What is the remainder when q(a) is divided by 7?
3
Let t(o) = -o**3 - 7*o**2 - 17*o - 270. What is the remainder when 177 is divided by t(-9)?
42
Let x = 10 + -17. Let f(t) = -2*t**2 - 16*t + 1. What is the remainder when 41 is divided by f(x)?
11
Let h(z) = -5*z**2 - 30*z + 17. Calculate the remainder when 62 is divided by h(-6).
11
Suppose a - 25 = 19. What is the remainder when 393 is divided by a?
41
Let o = -12 - -12. Suppose o = 5*z - 4*w - 40, -3*z - 11 = -7*z - w. Suppose 18 + 10 = z*a. What is the remainder when a is divided by 2?
1
Let f be (1 + -1)/(0 + -1). Let q(x) = x**2 + 13*x + 44. Let v be q(-8). Suppose 0 = -v*l - f*l + 112. What is the remainder when l is divided by 8?
4
Let r(f) = 2*f**3 - 8*f**2 + 7*f + 1. Calculate the remainder when r(6) is divided by 55.
22
Let k(t) be the first derivative of t**4/4 + 7*t**3/3 - 5*t**2/2 + 16*t - 31. Calculate the remainder when k(-7) is divided by 18.
15
What is the remainder when 251 is divided by ((-3)/(-2))/(9/(-3366)*-11)?
47
Suppose 256 = 5*u + 3*n + 67, -4*n - 47 = -u. Calculate the remainder when 349 is divided by u.
37
Suppose -39*v = -103*v + 448. What is the remainder when v is divided by (0 + (-1)/(-2))*10?
2
Let w(b) = 16*b + 12. Let x = -41 + 43. Calculate the remainder when w(x) is divided by 25.
19
Let z(l) be the first derivative of l**4/4 + 2*l**3 + l**2/2 + 5*l - 13. Let f be z(-6). Calculate the remainder when 23 is divided by (96/80)/(f/(-5)).
5
Let n(r) = 2*r**2 + 8*r + 5. Let c be (-22)/5 + (-3)/5. Calculate the remainder when n(c) is divided by 74/12 - (-3)/(-18).
3
Let g = 173 + -122. What is the remainder when g is divided by 27?
24
Let h(d) = 4*d**2 + 83*d - 253. Calculate the remainder when h(3) is divided by (6 - 1) + (2 - 0).
4
Let m = -55 - -62. What is the remainder when 59 is divided by m?
3
Let b = -1073 + 1496. What is the remainder when b is divided by 61?
57
Let s(z